ulate the greatest common divisor of 716150 and 575.
25
Calculate the greatest common factor of 2431 and 116059.
17
What is the highest common divisor of 11825 and 803?
11
What is the greatest common divisor of 14405 and 817?
43
What is the greatest common divisor of 880 and 1003200?
880
Calculate the greatest common divisor of 1430460 and 30.
30
What is the greatest common factor of 1200 and 6912?
48
Calculate the greatest common divisor of 317128 and 539.
49
What is the greatest common factor of 2540025 and 4293?
1431
What is the highest common factor of 242 and 50534?
22
What is the greatest common divisor of 8136 and 17412?
12
Calculate the highest common factor of 776 and 44717.
97
Calculate the greatest common factor of 530 and 4360.
10
Calculate the greatest common factor of 159901 and 371.
371
Calculate the highest common divisor of 350 and 50.
50
What is the greatest common factor of 21114 and 345?
69
What is the highest common factor of 111508 and 732?
244
What is the greatest common factor of 104165 and 166?
83
Calculate the highest common divisor of 105 and 139083.
21
What is the highest common factor of 9216 and 73104?
48
Calculate the greatest common divisor of 73 and 1859310.
73
What is the highest common factor of 319 and 19?
1
Calculate the highest common divisor of 646 and 80712.
38
What is the greatest common divisor of 344441 and 615?
41
Calculate the greatest common divisor of 8 and 452852.
4
Calculate the greatest common factor of 48566 and 182.
14
What is the greatest common factor of 1478 and 16?
2
Calculate the highest common divisor of 150 and 3786.
6
Calculate the highest common divisor of 3680 and 129920.
160
What is the highest common divisor of 188 and 171362?
94
What is the highest common divisor of 84 and 109060?
28
Calculate the highest common divisor of 123158 and 133.
133
What is the greatest common factor of 96 and 6444?
12
Calculate the greatest common factor of 78 and 786474.
78
What is the highest common divisor of 3079 and 1?
1
What is the greatest common factor of 428 and 141668?
428
Calculate the greatest common factor of 2 and 294590.
2
Calculate the greatest common factor of 147 and 29743.
49
What is the greatest common factor of 356360 and 106200?
2360
What is the greatest common divisor of 221 and 3809?
13
Calculate the highest common divisor of 78508 and 3572.
76
What is the greatest common factor of 4045665 and 45?
15
Calculate the greatest common divisor of 28 and 4571.
7
What is the highest common factor of 488515 and 410?
205
What is the greatest common divisor of 17361 and 36?
9
What is the greatest common factor of 629952 and 204?
204
Calculate the highest common divisor of 45981 and 5811.
39
Calculate the greatest common divisor of 10 and 467670.
10
What is the highest common factor of 1703 and 38727?
13
What is the greatest common factor of 78 and 1405131?
39
Calculate the highest common factor of 10533 and 9.
3
Calculate the highest common divisor of 158094 and 18.
18
What is the greatest common factor of 1587948 and 24?
12
Calculate the highest common divisor of 51 and 21998.
17
What is the greatest common factor of 2932 and 52?
4
What is the greatest common divisor of 480711 and 924?
231
What is the greatest common factor of 216 and 8937?
27
What is the greatest common divisor of 11191275 and 225?
225
What is the greatest common factor of 116 and 208916?
116
What is the highest common divisor of 62178 and 66516?
1446
Calculate the highest common divisor of 319420 and 170.
10
Calculate the greatest common divisor of 6456 and 97378.
538
What is the greatest common factor of 459799 and 68?
17
What is the highest common divisor of 28 and 108374?
14
What is the greatest common factor of 3752 and 28?
28
What is the greatest common factor of 1952 and 11648?
32
Calculate the greatest common factor of 70434 and 378.
126
What is the greatest common factor of 170 and 331670?
170
Calculate the greatest common factor of 1179290 and 1120.
70
Calculate the highest common divisor of 394280 and 60.
20
What is the highest common divisor of 2574 and 2015?
13
Calculate the greatest common divisor of 49816 and 312.
104
What is the greatest common divisor of 901 and 16094563?
901
Calculate the greatest common factor of 634920 and 33.
33
What is the highest common factor of 549124 and 4?
4
Calculate the greatest common divisor of 2783 and 33649.
253
What is the highest common factor of 800 and 57440?
160
Calculate the greatest common factor of 7320 and 264.
24
Calculate the highest common divisor of 27838 and 31.
31
Calculate the highest common factor of 43533 and 13129.
691
What is the highest common factor of 8602 and 337042?
782
Calculate the highest common divisor of 1 and 17130.
1
What is the greatest common divisor of 3465 and 6480?
45
What is the greatest common factor of 160 and 76872?
8
Calculate the highest common factor of 147 and 60501.
21
What is the greatest common factor of 1414 and 499546?
202
What is the greatest common factor of 9 and 4100?
1
What is the greatest common divisor of 947464 and 42?
14
Calculate the highest common factor of 208 and 30736.
16
Calculate the greatest common divisor of 8442 and 200196.
1206
What is the greatest common divisor of 12711 and 81111?
57
What is the greatest common factor of 720 and 523440?
720
Calculate the greatest common divisor of 141986 and 49022.
254
What is the greatest common factor of 336 and 254520?
168
Calculate the greatest common factor of 15 and 64385.
5
What is the greatest common factor of 39 and 12883?
13
Calculate the greatest common factor of 1045 and 3040.
95
Calculate the greatest common factor of 240 and 7056.
48
What is the highest common factor of 234 and 4302?
18
What is the highest common divisor of 333089 and 38?
19
Calculate the highest common factor of 67440 and 12.
12
What is the highest common divisor of 92752 and 22661?
527
What is the greatest common divisor of 10472 and 123816?
616
What is the greatest common factor of 119 and 3225971?
119
What is the highest common factor of 29848088 and 1499?
1499
Calculate the highest common factor of 7532 and 7336.
28
What is the highest common divisor of 88494 and 1414?
14
Calculate the highest common factor of 2688257 and 143.
143
Calculate the greatest common divisor of 26988 and 468.
156
What is the greatest common divisor of 10266 and 78?
6
Calculate the highest common divisor of 2875340 and 260.
260
What is the greatest common divisor of 154890 and 3?
3
What is the highest common factor of 3211 and 5408?
169
What is the greatest common factor of 60 and 1480920?
60
Calculate the highest common divisor of 16 and 2449.
1
Calculate the highest common divisor of 6651 and 90.
9
What is the highest common divisor of 43433 and 1285?
257
Calculate the highest common divisor of 175 and 975.
25
What is the highest common divisor of 30 and 1335?
15
Calculate the greatest common divisor of 177514 and 681.
227
Calculate the highest common factor of 4301 and 371008.
187
What is the greatest common divisor of 4805 and 15?
5
What is the greatest common divisor of 105716 and 52?
52
What is the highest common factor of 306 and 192?
6
What is the greatest common factor of 112830 and 90?
30
Calculate the highest common factor of 9 and 7352253.
9
Calculate the greatest common factor of 1771385 and 2247.
749
Calculate the greatest common divisor of 80238 and 1161.
129
What is the greatest common divisor of 3601041 and 69?
69
What is the highest common factor of 22265712 and 1791?
1791
Calculate the highest common factor of 3170 and 6410.
10
Calculate the highest common factor of 783 and 12905.
29
What is the highest common factor of 117956 and 222?
74
What is the highest common factor of 138 and 2076?
6
What is the greatest common divisor of 944 and 5782?
118
Calculate the highest common divisor of 84 and 2836.
4
What is the highest common divisor of 210 and 11270?
70
Calculate the highest common divisor of 141 and 646203.
141
What is the greatest common divisor of 2387 and 46277?
77
What is the highest common factor of 61 and 53924?
61
Calculate the highest common divisor of 341096 and 8.
8
What is the highest common divisor of 448 and 658?
14
Calculate the highest common factor of 3657 and 2067